is the highest common divisor of 4968 and 345?
69
What is the greatest common factor of 3780 and 1338?
6
What is the highest common divisor of 24 and 4516?
4
Calculate the greatest common factor of 13032 and 45.
9
Calculate the greatest common divisor of 13248 and 264339.
207
Calculate the greatest common factor of 5538456 and 148.
148
What is the greatest common factor of 185 and 4065745?
185
Calculate the highest common factor of 8840 and 9568.
104
Calculate the greatest common factor of 49385 and 5015.
85
Calculate the greatest common factor of 346609 and 3523.
271
Calculate the greatest common factor of 267 and 4967268.
267
Calculate the greatest common divisor of 837 and 10447.
31
Calculate the greatest common divisor of 95078 and 59184.
274
Calculate the highest common factor of 3696 and 304458.
462
Calculate the greatest common divisor of 13 and 15226.
1
What is the highest common divisor of 1062 and 663042?
354
Calculate the highest common divisor of 410 and 743740.
410
What is the greatest common divisor of 4942 and 3530?
706
Calculate the greatest common factor of 85575 and 60.
15
Calculate the greatest common divisor of 871 and 2639.
13
What is the highest common divisor of 101659 and 1939?
277
Calculate the highest common divisor of 441 and 588.
147
What is the greatest common divisor of 4735 and 1149658?
947
Calculate the greatest common factor of 33611 and 58.
29
Calculate the highest common divisor of 489210 and 330.
30
What is the highest common divisor of 646545 and 15?
15
What is the highest common factor of 114 and 28338?
6
Calculate the greatest common factor of 34079 and 39866.
643
Calculate the highest common factor of 1224 and 647037.
153
What is the highest common divisor of 18 and 294?
6
What is the highest common factor of 290 and 957725?
145
What is the highest common divisor of 37091 and 29?
29
Calculate the greatest common divisor of 7411 and 5.
1
Calculate the highest common divisor of 92 and 1731187.
23
What is the greatest common divisor of 198 and 173682?
18
What is the highest common divisor of 1332 and 3852?
36
Calculate the greatest common factor of 153 and 273411.
153
What is the highest common factor of 340 and 6018?
34
Calculate the highest common divisor of 938 and 1757.
7
Calculate the greatest common divisor of 6555 and 228.
57
Calculate the highest common factor of 1121352 and 24.
24
What is the highest common divisor of 444 and 581936?
148
Calculate the highest common factor of 34 and 2843.
1
Calculate the highest common divisor of 1482 and 450.
6
What is the greatest common divisor of 90664 and 56?
56
What is the highest common divisor of 98 and 5306?
14
What is the highest common factor of 61801 and 207?
23
Calculate the greatest common divisor of 36 and 187092.
36
Calculate the greatest common divisor of 9 and 318528.
9
What is the highest common divisor of 938685 and 22?
11
Calculate the highest common factor of 886483 and 111.
37
What is the highest common divisor of 27664 and 3120?
208
Calculate the highest common divisor of 168 and 27804.
84
Calculate the greatest common divisor of 12093 and 467874.
417
Calculate the highest common factor of 59718 and 4329.
111
Calculate the highest common divisor of 58 and 227070.
58
What is the highest common factor of 824013 and 162?
81
What is the greatest common factor of 578032 and 560?
112
Calculate the greatest common factor of 1604687 and 161.
161
What is the greatest common divisor of 367686 and 5049?
297
What is the highest common divisor of 42 and 104013?
21
What is the greatest common divisor of 9660 and 10?
10
What is the highest common factor of 753 and 552953?
251
Calculate the highest common factor of 3036 and 1556709.
759
Calculate the greatest common divisor of 4809 and 238389.
687
Calculate the highest common divisor of 5580 and 1845.
45
What is the highest common divisor of 924 and 635404?
308
What is the greatest common divisor of 174551 and 1389?
463
Calculate the greatest common divisor of 41200 and 412.
412
What is the highest common divisor of 13 and 412165?
13
Calculate the greatest common factor of 11778 and 156.
78
What is the highest common factor of 5525 and 1088?
17
What is the highest common divisor of 89362 and 91?
91
Calculate the highest common factor of 1538 and 54.
2
What is the greatest common divisor of 544 and 25616?
16
Calculate the greatest common factor of 698845 and 574.
287
Calculate the highest common divisor of 1083 and 4275.
57
Calculate the greatest common factor of 6138028 and 533.
533
Calculate the greatest common divisor of 2667 and 35433.
381
What is the greatest common factor of 48033 and 243?
81
What is the greatest common factor of 95525 and 725?
25
What is the highest common factor of 52 and 1847456?
52
Calculate the highest common divisor of 7285 and 12690.
235
Calculate the greatest common factor of 112234 and 85.
17
Calculate the greatest common divisor of 19317 and 4384.
137
Calculate the greatest common divisor of 1752 and 3516.
12
What is the highest common factor of 764 and 138?
2
What is the highest common divisor of 840 and 2010?
30
Calculate the highest common divisor of 810 and 2190.
30
Calculate the highest common factor of 18912 and 4704.
96
Calculate the greatest common divisor of 1705 and 24552.
341
What is the highest common factor of 1120 and 381920?
1120
What is the highest common factor of 21954 and 282?
6
What is the highest common divisor of 9191 and 2197?
13
Calculate the greatest common factor of 520282 and 294.
98
What is the highest common divisor of 5315 and 95?
5
What is the highest common divisor of 31659 and 47748?
519
What is the highest common factor of 228 and 76?
76
What is the highest common divisor of 5835526 and 786?
262
What is the greatest common divisor of 405 and 2895?
15
Calculate the greatest common divisor of 327 and 3782627.
109
Calculate the greatest common divisor of 542871 and 1323.
441
Calculate the greatest common factor of 7942 and 56.
2
Calculate the greatest common divisor of 1952 and 592.
16
Calculate the highest common divisor of 522 and 261.
261
What is the greatest common factor of 393 and 43361?
131
What is the highest common divisor of 11 and 327382?
11
Calculate the greatest common divisor of 11408 and 1581434.
1426
Calculate the highest common factor of 608626 and 1010.
202
What is the highest common divisor of 180 and 137628?
36
Calculate the highest common factor of 21384 and 12204.
108
Calculate the highest common divisor of 1096 and 460868.
548
Calculate the highest common divisor of 29 and 24737.
29
What is the greatest common factor of 908637 and 9747?
1083
Calculate the greatest common factor of 42919 and 257.
257
Calculate the greatest common divisor of 5297010 and 1140.
570
Calculate the highest common divisor of 130 and 1573832.
26
Calculate the highest common divisor of 3305 and 282908.
661
What is the highest common factor of 2625 and 1344?
21
Calculate the highest common divisor of 20 and 1033.
1
What is the greatest common divisor of 14 and 1316098?
14
Calculate the highest common divisor of 40 and 195240.
40
What is the highest common factor of 15129 and 205?
41
What is the greatest common factor of 4302 and 198?
18
Calculate the highest common factor of 386053 and 34.
17
What is the highest common divisor of 99546 and 17202?
282
What is the greatest common divisor of 3452 and 596333?
863
Calculate the highest common factor of 130642 and 1577.
83
What is the greatest common divisor of 2135415 and 60?
15
Calculate the highest common divisor of 22386 and 328.
82
What is the highest common factor of 3090 and 1080?
30
What is the greatest common divisor of 591889 and 4403?
629
What is the highest common factor of 1542 and 188638?
514
What is the greatest common divisor of 13483 and 556?
139
Calculate the greatest common factor of 244182 and 8.
2
Calculate the highest common divisor of 1131 and 27231.
87
What is the highest common divisor of 72 and 518448?
24
Calculate the highest common factor of 2737 and 100079.
119
What is the greatest common factor of 61 and 83509?
61
Calculate the greatest common divisor of 146 and 1948151.
73
Calculate the highest common divisor of 600 and 102300.
300
Calculate the highest common divisor of